ive i(35).
4
Let s(z) = -z**3 - 37*z**2 + 258*z - 26. Determine s(-43).
-26
Let h(q) = -q**3 - 12*q**2 - 17*q + 9. Determine h(-7).
-117
Let l(b) = -b**2 - 5*b + 341. What is l(-17)?
137
Let y(z) = 2*z**3 - 215*z**2 + 109*z - 181. Give y(107).
33
Let o(f) = 18*f - 760. Give o(79).
662
Let b(s) = -2*s**3 + 14*s**2 + 30*s - 193. Calculate b(5).
57
Let n(j) = 5*j**2 + 2218*j + 6664. Calculate n(-3).
55
Let u(h) = h**3 - 73*h**2 - 161*h + 822. Determine u(75).
-3
Let h(c) = 2*c**2 + 13*c - 89. Determine h(5).
26
Let z(y) = -y**3 + 104*y**2 + 216*y - 357. Give z(106).
67
Let d(k) = 849*k + 42446. Determine d(-50).
-4
Let m(o) = -o**3 + 4*o**2 + 12*o - 19. What is m(3)?
26
Let g(v) = v**2 + 820*v - 3. Calculate g(0).
-3
Let q(w) = -w**3 - 39*w**2 + 269*w - 62. Give q(-45).
-17
Let d(z) = 911*z + 8205. Calculate d(-9).
6
Let h(u) = -u**2 + 3974*u + 35806. What is h(-9)?
-41
Let f(q) = 34*q - 1643. Calculate f(49).
23
Let j(p) = 16*p**2 + 16*p - 19. Calculate j(1).
13
Let x(u) = -47*u**2 + 105*u - 20. Calculate x(2).
2
Let y(u) = 5*u**2 + 106*u + 415. What is y(-5)?
10
Let t(r) = r**3 - 31*r**2 + 30*r + 6. What is t(30)?
6
Let s(o) = o**3 - 34*o**2 + 95*o - 68. Give s(31).
-6
Let l(t) = -t**2 - 15*t - 16. Calculate l(-15).
-16
Let q(u) = 4*u - 77. Give q(40).
83
Let l(g) = 370*g - 4809. Calculate l(13).
1
Let r(a) = 65*a + 280. Give r(-6).
-110
Let k(a) = 26*a + 95. Determine k(-8).
-113
Let c(s) = -s**2 + 21*s + 119. Give c(-6).
-43
Let y(g) = g**3 - 154*g**2 + 743*g + 310. What is y(149)?
12
Let l(i) = -2*i**3 + 6*i**2 + 29*i + 7. Give l(6).
-35
Let d(v) = -4*v**3 - 122*v**2 - 57*v + 140. Determine d(-30).
50
Let j(p) = 74*p**3 + 3*p**2 - 25*p + 21. Determine j(1).
73
Let b(q) = 2*q**3 - 9*q**2 + 38*q - 222. Calculate b(5).
-7
Let l(v) = 3*v**3 + 359*v**2 + 235*v - 399. What is l(-119)?
-42
Let j(w) = -262*w + 278. What is j(1)?
16
Let m(w) = w**2 + 256*w + 16387. Determine m(-130).
7
Let o(k) = 27*k - 322. Determine o(12).
2
Let h(o) = -79*o + 26779. Calculate h(339).
-2
Let v(k) = -102*k + 522. What is v(5)?
12
Let s(n) = 3*n**2 + 78*n - 48. Calculate s(-27).
33
Let f(h) = -2*h**3 + 6*h**2 + 47*h + 12. Calculate f(-4).
48
Let r(a) = -17*a - 261. Calculate r(-13).
-40
Let x(f) = -32*f - 1171. Calculate x(-37).
13
Let p(k) = 8*k**3 + 52*k**2 - 21*k + 13. Determine p(-7).
-36
Let o(h) = 110*h - 1547. What is o(14)?
-7
Let d(f) = -f**3 - 30*f**2 + 30*f - 92. Give d(-31).
-61
Let h(y) = 23*y - 388. Give h(18).
26
Let r(c) = 227*c - 2325. Determine r(11).
172
Let x(t) = -11*t**2 + 2178*t - 2176. Determine x(1).
-9
Let s(a) = -a**2 + 51*a + 59. Give s(54).
-103
Let b(s) = s**2 - 606*s - 16442. What is b(-26)?
-10
Let o(d) = -5*d**2 - 21*d + 260. Determine o(8).
-228
Let c(g) = 6*g**3 + 29*g**2 - 13*g - 30. What is c(-5)?
10
Let z(y) = -2*y**3 + 47*y**2 - 4*y + 2. Determine z(23).
439
Let x(z) = 63*z - 1127. Determine x(20).
133
Let d(w) = -w**3 + 891*w**2 - 1777*w + 1. What is d(2)?
3
Let z(c) = -5*c - 35. What is z(3)?
-50
Let f(u) = u**2 + u - 43. What is f(9)?
47
Let p(h) = -98*h + 4401. What is p(45)?
-9
Let f(y) = y**2 + 810*y - 4908. Calculate f(6).
-12
Let n(v) = -4*v**3 + 87*v**2 - 325*v + 3. Give n(5).
53
Let w(z) = -427*z + 952. Calculate w(2).
98
Let t(b) = 39*b**2 + 22*b - 18. Give t(1).
43
Let o(m) = 13*m**2 + 148*m + 146. What is o(-1)?
11
Let m(o) = o**2 + 124*o - 3834. Give m(25).
-109
Let p(j) = -18*j - 217. Determine p(-19).
125
Let p(g) = -25*g - 1098. Give p(-44).
2
Let l(o) = -o**3 - 26*o**2 - 68*o - 30. What is l(-23)?
-53
Let q(v) = -v**3 - 74*v**2 - 391*v + 1155. Give q(-68).
-1
Let m(u) = 2*u + 69. Give m(-6).
57
Let i(k) = 4*k**2 + 81*k - 112. What is i(-22)?
42
Let u(a) = -371*a**2 - 40069*a - 112. What is u(-108)?
-4
Let g(z) = 3*z**2 - 121*z - 10013. Calculate g(-41).
-9
Let v(t) = -4*t**2 + 8*t + 902. What is v(16)?
6
Let c(o) = 105*o - 3252. Calculate c(31).
3
Let g(w) = -6*w + 65. Give g(-28).
233
Let u(a) = a**3 - 19*a**2 - 21*a + 7. What is u(20)?
-13
Let a(m) = 2*m**2 + 23*m + 22. What is a(-11)?
11
Let k(s) = s**3 + 2*s**2 + s - 242. What is k(0)?
-242
Let p(s) = -14*s - 154. Give p(16).
-378
Let i(a) = -a + 548. Determine i(23).
525
Let i(f) = -29*f - 389. Give i(-12).
-41
Let x(n) = 25*n**2 - 491*n - 141. Calculate x(20).
39
Let t(j) = 2*j**3 - 11*j**2 + 24*j - 34. Calculate t(3).
-7
Let i(s) = 9*s**2 + 259*s - 1871. Calculate i(6).
7
Let l(d) = d**3 - 41*d**2 + 36*d - 42. Give l(40).
-202
Let x(m) = -m**3 + m**2 + 8*m - 14. Determine x(6).
-146
Let s(h) = -108*h - 30. Calculate s(-1).
78
Let x(r) = -2*r**2 - 4*r - 49. Give x(-8).
-145
Let z(s) = s**3 - 4*s**2 - 14*s + 51. Determine z(4).
-5
Let x(b) = -8*b + 129. Calculate x(5).
89
Let x(o) = -9*o - 325. Determine x(-36).
-1
Let l(g) = -3*g**3 + 608*g**2 - 1003*g - 441. Give l(201).
-39
Let o(a) = -2*a**3 - 23*a**2 + 99*a + 813. Give o(-5).
-7
Let w(t) = -444*t + 3067. Determine w(7).
-41
Let t(u) = -12*u - 46. Give t(7).
-130
Let q(j) = -j**3 + 291*j**2 - 1989*j + 289. Calculate q(284).
5
Let n(y) = y**2 + 125*y + 1352. Give n(-12).
-4
Let y(b) = -b**3 + 21*b**2 - 22*b + 37. Determine y(20).
-3
Let k(j) = -9*j - 92. What is k(-21)?
97
Let h(o) = 26*o**2 - 82*o + 159. Give h(2).
99
Let i(b) = -b**3 + 57*b**2 - 385*b - 27. Determine i(8).
29
Let p(u) = -3*u**2 + 92*u - 69. Calculate p(29).
76
Let a(u) = -146*u + 694. Calculate a(5).
-36
Let l(t) = -8*t**3 - 166*t**2 + 27*t + 21. Give l(-21).
336
Let j(y) = 55*y + 6. Give j(1).
61
Let l(c) = -1889*c + 22684. Determine l(12).
16
Let l(t) = -133*t**3 + 4*t**2 + 5*t + 1. Give l(-1).
133
Let b(w) = w**3 + 20*w**2 + 11*w - 86. Calculate b(-19).
66
Let z(d) = d**3 - 27*d**2 - 331*d + 8940. Calculate z(27).
3
Let g(v) = 4544*v + 22682. What is g(-5)?
-38
Let k(m) = -13*m**2 + 115*m - 566. Calculate k(5).
-316
Let h(q) = 201*q + 1942. What is h(-9)?
133
Let c(m) = 7*m**2 + 92*m - 187. What is c(-15)?
8
Let j(g) = -5*g + 60. Calculate j(-22).
170
Let y(b) = -b**2 - 1291*b + 6451. Give y(5).
-29
Let a(z) = 2*z**2 - 122*z + 4. Give a(61).
4
Let v(a) = -a**3 - 18*a**2 + 19*a + 66. Give v(-19).
66
Let g(f) = -35*f - 1749. Determine g(-48).
-69
Let h(r) = r**3 - 124*r**2 + 606*r - 1304. Calculate h(119).
5
Let c(i) = -i**2 + 538*i - 64433. Calculate c(180).
7
Let q(f) = 3*f**2 - 245*f - 208. Give q(83).
124
Let z(l) = l**2 + 67*l + 880. Calculate z(-18).
-2
Let j(h) = -h**2 + 14*h - 81. What is j(5)?
-36
Let z(m) = -159*m**3 - m**2 + 3*m - 2. Calculate z(1).
-159
Let k(j) = j**3 - j**2 + 814*j - 811. What is k(1)?
3
Let n(s) = 5*s**2 - 53*s + 84. Give n(2).
-2
Let c(r) = 3*r**2 - 70*r - 48. What is c(23)?
-71
Let f(z) = -z**2 - 338*z + 429. Calculate f(0).
429
Let q(y) = -4*y**2 - 32*y - 59. Determine q(-2).
-11
Let o(q) = 107*q - 1176. Determine o(11).
1
Let a(y) = -174*y - 7482. Determine a(-43).
0
Let k(n) = 14*n**2 - 471*n - 130. What is k(34)?
40
Let f(m) = -669*m**2 - 12711*m + 11. Determine f(-19).
11
Let n(q) = -5*q**3 - 2*q**2 - 24*q + 66. Calculate n(4).
-382
Let i(v) = -65*v + 742. Determine i(11).
27
Let k(l) = -l**3 + 15*l**2 - 8*l + 9. Give k(13).
243
Let u(r) = -196*r**3 + r**2 + 26*r - 26. Determine u(1).
-195
Let y(a) = 4*a**2 + 42*a + 96. Give y(-10).
76
Let y(t) = 5*t + 189. Determine y(-13).
124
Let m(q) = -12*q**2 - 58*q + 583. Determine m(5).
-7
Let s(h) = -54*h + 169. Give s(2).
61
Let k(v) = 6*v**2 + 89*v - 180. Give k(2).
22
Let c(k) = -27*k**3 - 5*k**2 - 165*k - 159. Give c(-1).
28
Let o(f) = -21*f**2 + 414*f + 126. What is o(20)?
6
Let c(d) = 29*d - 1575. What is c(55)?
20
Let q(m) = -1092*m - 8766. Calculate q(-8).
-30
Let u(x) = -x**3 - 6*x**2 - 6*x - 18. Determine u(-7).
73
Let g(h) = -8*h**2 - 117*h + 790. What is g(5)?
5
Let j(y) = 290*y - 1985. Give j(7).
45
Let c(z) = -z**3 + 19*z**2 - 17*z - 15. Give c(18).
3
Let o(c) = -c**3 + 176*c**2 - 17*c + 2997. Calculate o(176).
5
Let l(s) = 736*s - 7359. Determine l(10).
1
Let z(j) = -24*j + 97. Give z(3).
25
Let k(o) = -99*o + 152. Give k(2).
-46
Let d(m) = -5*m**3 - 2*m**2 - 243*m + 477. Determine d(2).
-57
Let b(s) = -s**3 - 22*s**2 - 4*s - 47. Calculate b(0).
-47
Let m(l) = 6*l**2 - 44*l - 51. Give m(8).
-19
Let w(d) = 2*d**3 - 19*d**2 - 95*d + 7. What is w(-4)?
-45
Let y(l) = -l**3 - 98*l**2 + 14*l + 1361. Give y(-98).
-11
Let y(g) = -18*g - 332.